217?
7
Calculate the remainder when 347 is divided by 59.
52
Calculate the remainder when 1150 is divided by 117.
97
Calculate the remainder when 48 is divided by 17.
14
What is the remainder when 473 is divided by 14?
11
Calculate the remainder when 94 is divided by 44.
6
Calculate the remainder when 546 is divided by 104.
26
What is the remainder when 3333 is divided by 24?
21
Calculate the remainder when 1414 is divided by 329.
98
Calculate the remainder when 572 is divided by 7.
5
What is the remainder when 20 is divided by 18?
2
Calculate the remainder when 1688 is divided by 840.
8
What is the remainder when 244 is divided by 87?
70
Calculate the remainder when 229 is divided by 179.
50
Calculate the remainder when 941 is divided by 308.
17
What is the remainder when 194 is divided by 22?
18
What is the remainder when 966 is divided by 37?
4
What is the remainder when 53 is divided by 44?
9
What is the remainder when 28 is divided by 19?
9
What is the remainder when 62 is divided by 52?
10
Calculate the remainder when 3243 is divided by 85.
13
Calculate the remainder when 392 is divided by 88.
40
Calculate the remainder when 511 is divided by 8.
7
What is the remainder when 35135 is divided by 24?
23
What is the remainder when 2235 is divided by 43?
42
What is the remainder when 391 is divided by 122?
25
What is the remainder when 16210 is divided by 43?
42
Calculate the remainder when 163 is divided by 22.
9
What is the remainder when 14 is divided by 10?
4
Calculate the remainder when 3567 is divided by 20.
7
Calculate the remainder when 15751 is divided by 103.
95
What is the remainder when 1627 is divided by 37?
36
Calculate the remainder when 257 is divided by 37.
35
What is the remainder when 1197 is divided by 60?
57
Calculate the remainder when 7252 is divided by 403.
401
What is the remainder when 131 is divided by 9?
5
What is the remainder when 236 is divided by 34?
32
What is the remainder when 3507 is divided by 65?
62
Calculate the remainder when 8277 is divided by 12.
9
What is the remainder when 107 is divided by 54?
53
Calculate the remainder when 130 is divided by 19.
16
What is the remainder when 119 is divided by 26?
15
What is the remainder when 72 is divided by 31?
10
Calculate the remainder when 54 is divided by 8.
6
Calculate the remainder when 547 is divided by 256.
35
What is the remainder when 107 is divided by 39?
29
What is the remainder when 48 is divided by 19?
10
What is the remainder when 331 is divided by 106?
13
Calculate the remainder when 176 is divided by 22.
0
What is the remainder when 6636 is divided by 166?
162
What is the remainder when 65 is divided by 5?
0
Calculate the remainder when 908 is divided by 9.
8
Calculate the remainder when 303 is divided by 16.
15
Calculate the remainder when 1650 is divided by 236.
234
What is the remainder when 3455 is divided by 16?
15
What is the remainder when 464 is divided by 78?
74
Calculate the remainder when 430 is divided by 110.
100
What is the remainder when 6837 is divided by 72?
69
What is the remainder when 103 is divided by 29?
16
What is the remainder when 617 is divided by 103?
102
What is the remainder when 942 is divided by 30?
12
What is the remainder when 6654 is divided by 37?
31
Calculate the remainder when 5811 is divided by 5799.
12
What is the remainder when 73 is divided by 26?
21
Calculate the remainder when 521 is divided by 105.
101
What is the remainder when 551 is divided by 6?
5
Calculate the remainder when 3351 is divided by 107.
34
What is the remainder when 217 is divided by 153?
64
What is the remainder when 508 is divided by 113?
56
Calculate the remainder when 568 is divided by 9.
1
What is the remainder when 374 is divided by 114?
32
Calculate the remainder when 451 is divided by 90.
1
What is the remainder when 62 is divided by 45?
17
What is the remainder when 454 is divided by 57?
55
What is the remainder when 766 is divided by 31?
22
Calculate the remainder when 20 is divided by 2.
0
What is the remainder when 67 is divided by 26?
15
Calculate the remainder when 203 is divided by 9.
5
What is the remainder when 8336 is divided by 32?
16
Calculate the remainder when 4814 is divided by 16.
14
Calculate the remainder when 46 is divided by 18.
10
What is the remainder when 59 is divided by 11?
4
Calculate the remainder when 159 is divided by 41.
36
Calculate the remainder when 558 is divided by 28.
26
What is the remainder when 679 is divided by 23?
12
Calculate the remainder when 72 is divided by 16.
8
What is the remainder when 478 is divided by 80?
78
Calculate the remainder when 37141 is divided by 7.
6
What is the remainder when 9 is divided by 6?
3
Calculate the remainder when 36 is divided by 10.
6
What is the remainder when 2184 is divided by 49?
28
What is the remainder when 2458 is divided by 246?
244
Calculate the remainder when 127 is divided by 122.
5
Calculate the remainder when 1200 is divided by 390.
30
Calculate the remainder when 2156 is divided by 16.
12
Calculate the remainder when 157 is divided by 118.
39
What is the remainder when 5191 is divided by 1036?
11
What is the remainder when 693 is divided by 100?
93
What is the remainder when 11729 is divided by 2930?
9
What is the remainder when 1554 is divided by 56?
42
What is the remainder when 11157 is divided by 3719?
0
What is the remainder when 138 is divided by 102?
36
Calculate the remainder when 119 is divided by 28.
7
What is the remainder when 31 is divided by 14?
3
Calculate the remainder when 351 is divided by 90.
81
Calculate the remainder when 114 is divided by 27.
6
Calculate the remainder when 451 is divided by 62.
17
What is the remainder when 164 is divided by 57?
50
Calculate the remainder when 764 is divided by 85.
84
What is the remainder when 65 is divided by 25?
15
Calculate the remainder when 242 is divided by 184.
58
Calculate the remainder when 72 is divided by 64.
8
What is the remainder when 47 is divided by 28?
19
Calculate the remainder when 449 is divided by 74.
5
What is the remainder when 164 is divided by 52?
8
What is the remainder when 264 is divided by 123?
18
Calculate the remainder when 203 is divided by 12.
11
What is the remainder when 376 is divided by 49?
33
Calculate the remainder when 1209 is divided by 110.
109
Calculate the remainder when 30 is divided by 2.
0
Calculate the remainder when 94 is divided by 26.
16
What is the remainder when 860 is divided by 32?
28
Calculate the remainder when 147 is divided by 16.
3
Calculate the remainder when 1119 is divided by 10.
9
Calculate the remainder when 21108 is divided by 227.
224
What is the remainder when 64 is divided by 17?
13
Calculate the remainder when 16223 is divided by 55.
53
Calculate the remainder when 562 is divided by 77.
23
Calculate the remainder when 569 is divided by 110.
19
What is the remainder when 143 is divided by 28?
3
Calculate the remainder when 94 is divided by 32.
30
Calculate the remainder when 4573 is divided by 52.
49
What is the remainder when 248 is divided by 119?
10
What is the remainder when 163 is divided by 60?
43
What is the remainder when 9177 is divided by 85?
82
Calculate the remainder when 2097 is divided by 57.
45
Calculate the remainder when 256 is divided by 12.
4
What is the remainder when 279 is divided by 14?
13
Calculate the remainder when 42 is divided by 29.
13
Calculate the remainder when 130 is divided by 17.
11
What is the remainder when 142 is divided by 36?
34
Calculate the remainder when 194 is divided by 24.
2
Calculate the remainder when 173 is divided by 39.
17
What is the remainder when 262 is divided by 254?
8
Calculate the remainder when 232 is divided by 55.
12
What is the remainder when 115 is divided by 22?
5
What is the remainder when 789 is divided by 65?
9
What is the remainder when 625 is divided by 42?
37
Calculate the remainder when 170 is divided by 57.
56
Calculate the remainder when 54 is divided by 14.
12
Calculate the remainder when 394 is divided by 378.
16
What is the remainder when 578 is divided by 117?
110
What is the remainder when 1588 is divided by 520?
28
What is the remainder when 164 is divided by 7?
3
Calculate the remainder when 748 is divided by 451.
297
What is the r